{"id":911,"date":"2018-12-20T11:07:46","date_gmt":"2018-12-20T08:07:46","guid":{"rendered":"http:\/\/alfadestek.com\/turkojen\/?page_id=911"},"modified":"2018-12-21T17:34:27","modified_gmt":"2018-12-21T14:34:27","slug":"yavuz-dizel-motorlu-jenerator-2-4","status":"publish","type":"page","link":"https:\/\/www.turkojen.com.tr\/index.php\/urunlerimiz\/jeneratorler\/yavuz-dizel-motorlu-jenerator-2-4\/","title":{"rendered":"Yang Dong Jenerat\u00f6r"},"content":{"rendered":"<p>[vc_row][vc_column width=&#8221;1\/4&#8243;][vc_column_text]<img loading=\"lazy\" class=\"alignnone size-medium wp-image-912\" src=\"http:\/\/alfadestek.com\/turkojen\/wp-content\/uploads\/2018\/12\/yangdong-jenerator-300x298.png\" alt=\"\" width=\"300\" height=\"298\" srcset=\"https:\/\/www.turkojen.com.tr\/wp-content\/uploads\/2018\/12\/yangdong-jenerator-300x298.png 300w, https:\/\/www.turkojen.com.tr\/wp-content\/uploads\/2018\/12\/yangdong-jenerator-150x150.png 150w, https:\/\/www.turkojen.com.tr\/wp-content\/uploads\/2018\/12\/yangdong-jenerator.png 600w\" sizes=\"(max-width: 300px) 100vw, 300px\" \/>[\/vc_column_text][\/vc_column][vc_column width=&#8221;3\/4&#8243;][vc_column_text]<\/p>\n<h2>Teknik \u00d6zellik Tablosu<\/h2>\n<table>\n<tbody>\n<tr>\n<td colspan=\"5\">TYDD 10kVA-30 kVA Su So\u011futmal\u0131 Dizel Jenerat\u00f6rler<\/td>\n<\/tr>\n<tr>\n<td>MODEL<\/td>\n<td>TYDD-10<\/td>\n<td>TYDD-15<\/td>\n<td>TYDD-18<\/td>\n<td>TYDD-30<\/td>\n<\/tr>\n<tr>\n<td>Stand By G\u00fc\u00e7 (KVA)<\/td>\n<td>10<\/td>\n<td>15<\/td>\n<td>18.75<\/td>\n<td>30<\/td>\n<\/tr>\n<tr>\n<td>Prime Time G\u00fc\u00e7 (KW)<\/td>\n<td>8<\/td>\n<td>12<\/td>\n<td>15<\/td>\n<td>24<\/td>\n<\/tr>\n<tr>\n<td>Motor Modeli<\/td>\n<td>Y385<\/td>\n<td>YD1485<\/td>\n<td>YSD490<\/td>\n<td>Y4102<\/td>\n<\/tr>\n<tr>\n<td>Motor Yak\u0131t Sarfiyat\u0131 (gr\/kw.saat)<\/td>\n<td>248.5<\/td>\n<td>252<\/td>\n<td>251<\/td>\n<td>256<\/td>\n<\/tr>\n<tr>\n<td>Alternat\u00f6r Modeli<\/td>\n<td>ADG-8<\/td>\n<td>ADG-12<\/td>\n<td>ADG-15<\/td>\n<td>ADG-24<\/td>\n<\/tr>\n<tr>\n<td>Voltaj (V)<\/td>\n<td>230\/380<\/td>\n<td>230\/380<\/td>\n<td>230\/380<\/td>\n<td>230\/400<\/td>\n<\/tr>\n<tr>\n<td>Ak\u0131m (A)<\/td>\n<td>32.6\/13.5<\/td>\n<td>52.2\/21.7<\/td>\n<td>65.3\/27.1<\/td>\n<td>43.3<\/td>\n<\/tr>\n<tr>\n<td>Frekans (HZ)<\/td>\n<td>50<\/td>\n<td>50<\/td>\n<td>50<\/td>\n<td>50<\/td>\n<\/tr>\n<tr>\n<td>Cos \u00f8<\/td>\n<td>1\/0.8<\/td>\n<td>1\/0.8<\/td>\n<td>1\/0.8<\/td>\n<td>0.8<\/td>\n<\/tr>\n<tr>\n<td>Devir (rpm\/Dk.)<\/td>\n<td>1500<\/td>\n<td>1500<\/td>\n<td>1500<\/td>\n<td>1500<\/td>\n<\/tr>\n<tr>\n<td>\u00c7al\u0131\u015ft\u0131rma Metodu<\/td>\n<td>Mar\u015fl\u0131<\/td>\n<td>Mar\u015fl\u0131<\/td>\n<td>Mar\u015fl\u0131<\/td>\n<td>Mar\u015fl\u0131<\/td>\n<\/tr>\n<tr>\n<td>Akuplaj<\/td>\n<td>Direkt<\/td>\n<td>Direkt<\/td>\n<td>Direkt<\/td>\n<td>Direkt<\/td>\n<\/tr>\n<tr>\n<td>A\u011f\u0131rl\u0131k (KG)<\/td>\n<td>580<\/td>\n<td>660<\/td>\n<td>680<\/td>\n<td>850<\/td>\n<\/tr>\n<tr>\n<td>\u00d6l\u00e7\u00fcleri (CM)<\/td>\n<td>160x86x90<\/td>\n<td>170x84x90<\/td>\n<td>180x84x100<\/td>\n<td>200x95x110<\/td>\n<\/tr>\n<\/tbody>\n<\/table>\n<p>[\/vc_column_text][\/vc_column][\/vc_row]<\/p>\n","protected":false},"excerpt":{"rendered":"<p>[vc_row][vc_column width=&#8221;1\/4&#8243;][vc_column_text][\/vc_column_text][\/vc_column][vc_column width=&#8221;3\/4&#8243;][vc_column_text] Teknik \u00d6zellik Tablosu TYDD 10kVA-30 kVA Su So\u011futmal\u0131 Dizel Jenerat\u00f6rler MODEL TYDD-10 TYDD-15 TYDD-18 TYDD-30 Stand By G\u00fc\u00e7 (KVA) 10 15 18.75 30 Prime Time G\u00fc\u00e7 (KW) 8 12 15 24 Motor Modeli Y385 YD1485 YSD490 Y4102 Motor Yak\u0131t Sarfiyat\u0131 (gr\/kw.saat) 248.5 252 251 256 Alternat\u00f6r Modeli ADG-8 ADG-12 ADG-15 ADG-24 Voltaj [&hellip;]<\/p>\n","protected":false},"author":1,"featured_media":981,"parent":873,"menu_order":0,"comment_status":"closed","ping_status":"closed","template":"","meta":[],"_links":{"self":[{"href":"https:\/\/www.turkojen.com.tr\/index.php\/wp-json\/wp\/v2\/pages\/911"}],"collection":[{"href":"https:\/\/www.turkojen.com.tr\/index.php\/wp-json\/wp\/v2\/pages"}],"about":[{"href":"https:\/\/www.turkojen.com.tr\/index.php\/wp-json\/wp\/v2\/types\/page"}],"author":[{"embeddable":true,"href":"https:\/\/www.turkojen.com.tr\/index.php\/wp-json\/wp\/v2\/users\/1"}],"replies":[{"embeddable":true,"href":"https:\/\/www.turkojen.com.tr\/index.php\/wp-json\/wp\/v2\/comments?post=911"}],"version-history":[{"count":7,"href":"https:\/\/www.turkojen.com.tr\/index.php\/wp-json\/wp\/v2\/pages\/911\/revisions"}],"predecessor-version":[{"id":980,"href":"https:\/\/www.turkojen.com.tr\/index.php\/wp-json\/wp\/v2\/pages\/911\/revisions\/980"}],"up":[{"embeddable":true,"href":"https:\/\/www.turkojen.com.tr\/index.php\/wp-json\/wp\/v2\/pages\/873"}],"wp:featuredmedia":[{"embeddable":true,"href":"https:\/\/www.turkojen.com.tr\/index.php\/wp-json\/wp\/v2\/media\/981"}],"wp:attachment":[{"href":"https:\/\/www.turkojen.com.tr\/index.php\/wp-json\/wp\/v2\/media?parent=911"}],"curies":[{"name":"wp","href":"https:\/\/api.w.org\/{rel}","templated":true}]}}