{"id":893,"date":"2018-12-20T10:43:57","date_gmt":"2018-12-20T07:43:57","guid":{"rendered":"http:\/\/alfadestek.com\/turkojen\/?page_id=893"},"modified":"2018-12-21T17:35:28","modified_gmt":"2018-12-21T14:35:28","slug":"yavuz-dizel-motorlu-jenerator-2","status":"publish","type":"page","link":"https:\/\/www.turkojen.com.tr\/index.php\/urunlerimiz\/jeneratorler\/yavuz-dizel-motorlu-jenerator-2\/","title":{"rendered":"Yavuz Jenerat\u00f6r"},"content":{"rendered":"<p>[vc_row][vc_column width=&#8221;1\/4&#8243;][vc_column_text]<img loading=\"lazy\" class=\"alignnone size-medium wp-image-894\" src=\"http:\/\/alfadestek.com\/turkojen\/wp-content\/uploads\/2018\/12\/yavuz-jenerator-300x298.png\" alt=\"\" width=\"300\" height=\"298\" srcset=\"https:\/\/www.turkojen.com.tr\/wp-content\/uploads\/2018\/12\/yavuz-jenerator-300x298.png 300w, https:\/\/www.turkojen.com.tr\/wp-content\/uploads\/2018\/12\/yavuz-jenerator-150x150.png 150w, https:\/\/www.turkojen.com.tr\/wp-content\/uploads\/2018\/12\/yavuz-jenerator.png 600w\" sizes=\"(max-width: 300px) 100vw, 300px\" \/>[\/vc_column_text][\/vc_column][vc_column width=&#8221;3\/4&#8243;][vc_column_text]<\/p>\n<div class=\"icerik-grid\">\n<div class=\"urunler-grid-ic\">\n<p>\u00dcst\u00fcn performans, kaliteli enerjiyi bir arada bar\u0131nd\u0131ran Yavuz Dizel Jenerat\u00f6r s\u0131n\u0131f\u0131n\u0131n en ideal g\u00fc\u00e7 kayna\u011f\u0131d\u0131r.<\/p>\n<h2>Teknik \u00d6zellik Tablolar\u0131<\/h2>\n<table>\n<tbody>\n<tr>\n<td class=\"yaz3\" colspan=\"10\">MODEL<\/td>\n<\/tr>\n<tr>\n<td colspan=\"3\">GRUP<\/td>\n<td>TYD 35<\/td>\n<td>TYD 45<\/td>\n<td>TYD 65<\/td>\n<td>TYD 80<\/td>\n<td>TYD 90<\/td>\n<td>TYD 110<\/td>\n<td>TYD 175<\/td>\n<\/tr>\n<tr>\n<td rowspan=\"4\">G\u00fc\u00e7<\/td>\n<td rowspan=\"4\" valign=\"top\">\n<table>\n<tbody>\n<tr>\n<td height=\"45\">Stand By<\/td>\n<\/tr>\n<tr>\n<td height=\"45\">Prime<\/td>\n<\/tr>\n<\/tbody>\n<\/table>\n<\/td>\n<td>kVA<\/td>\n<td>35<\/td>\n<td>45<\/td>\n<td>65<\/td>\n<td>80<\/td>\n<td>90<\/td>\n<td>110<\/td>\n<td>175<\/td>\n<\/tr>\n<tr>\n<td>kW<\/td>\n<td>28<\/td>\n<td>36<\/td>\n<td>52<\/td>\n<td>64<\/td>\n<td>72<\/td>\n<td>88<\/td>\n<td>140<\/td>\n<\/tr>\n<tr>\n<td>kVA<\/td>\n<td>32<\/td>\n<td>41<\/td>\n<td>57<\/td>\n<td>72<\/td>\n<td>80<\/td>\n<td>100<\/td>\n<td>157<\/td>\n<\/tr>\n<tr>\n<td>kW<\/td>\n<td>26<\/td>\n<td>33<\/td>\n<td>46<\/td>\n<td>58<\/td>\n<td>64<\/td>\n<td>80<\/td>\n<td>125<\/td>\n<\/tr>\n<tr>\n<td rowspan=\"3\">Ebatlar<\/td>\n<td>En<\/td>\n<td>mm<\/td>\n<td>1000<\/td>\n<td>1000<\/td>\n<td>1000<\/td>\n<td>1000<\/td>\n<td>1000<\/td>\n<td>1000<\/td>\n<td>1100<\/td>\n<\/tr>\n<tr>\n<td>Boy<\/td>\n<td>mm<\/td>\n<td>1600<\/td>\n<td>1800<\/td>\n<td>2300<\/td>\n<td>2000<\/td>\n<td>2300<\/td>\n<td>2000<\/td>\n<td>2900<\/td>\n<\/tr>\n<tr>\n<td>Y\u00fckseklik<\/td>\n<td>mm<\/td>\n<td>1100<\/td>\n<td>1100<\/td>\n<td>1350<\/td>\n<td>1200<\/td>\n<td>1350<\/td>\n<td>1250<\/td>\n<td>1550<\/td>\n<\/tr>\n<tr>\n<td colspan=\"2\">A\u011f\u0131rl\u0131k \/ Weight<\/td>\n<td>kg<\/td>\n<td>820<\/td>\n<td>900<\/td>\n<td>1100<\/td>\n<td>1100<\/td>\n<td>1100<\/td>\n<td>1250<\/td>\n<td>1500<\/td>\n<\/tr>\n<\/tbody>\n<\/table>\n<\/div>\n<div class=\"clear\"><\/div>\n<div class=\"urunler-grid-ic\">\n<div class=\"tablo2\">\n<table>\n<tbody>\n<tr>\n<td colspan=\"10\">D\u0130ZEL MOTOR<\/td>\n<\/tr>\n<tr>\n<td colspan=\"2\">Markas\u0131<\/td>\n<td><\/td>\n<td colspan=\"7\">YAVUZ<\/td>\n<\/tr>\n<tr>\n<td colspan=\"2\">Modeli<\/td>\n<td><\/td>\n<td>D3104 G<\/td>\n<td>D4104 G<\/td>\n<td>D3204 TG<\/td>\n<td>D4204 TG<\/td>\n<td>D4204 TAG<\/td>\n<td>D4304 TAG<\/td>\n<td>D6304 TAG<\/td>\n<\/tr>\n<tr>\n<td rowspan=\"2\">Motor G\u00fcc\u00fc<\/td>\n<td>Stand By<\/td>\n<td>kW<\/td>\n<td>33<\/td>\n<td>43<\/td>\n<td>50<\/td>\n<td>73<\/td>\n<td>80<\/td>\n<td>87<\/td>\n<td>165<\/td>\n<\/tr>\n<tr>\n<td>Prime<\/td>\n<td>kW<\/td>\n<td>30<\/td>\n<td>38<\/td>\n<td>46<\/td>\n<td>66<\/td>\n<td>72<\/td>\n<td>79<\/td>\n<td>150<\/td>\n<\/tr>\n<tr>\n<td colspan=\"2\">Motor Devri<\/td>\n<td>dev\/dk.\/rpm<\/td>\n<td colspan=\"7\">1500<\/td>\n<\/tr>\n<tr>\n<td colspan=\"2\">Zaman<\/td>\n<td><\/td>\n<td>3 Zamanl\u0131<\/td>\n<td colspan=\"6\">4 Zamanl\u0131<\/td>\n<\/tr>\n<tr>\n<td colspan=\"2\">Silindir Hacmi ent<\/td>\n<td>lt.<\/td>\n<td>2,9<\/td>\n<td>3,9<\/td>\n<td>2,9<\/td>\n<td>3,9<\/td>\n<td>3,9<\/td>\n<td>3,9<\/td>\n<td>5,9<\/td>\n<\/tr>\n<tr>\n<td colspan=\"2\">Silindir Say\u0131s\u0131 ve Dizili\u015fi<\/td>\n<td><\/td>\n<td>3 tek s\u0131ra<\/td>\n<td>4 tek s\u0131ra<\/td>\n<td>3 tek s\u0131ra<\/td>\n<td>4 tek s\u0131ra<\/td>\n<td>4 tek s\u0131ra<\/td>\n<td>4 tek s\u0131ra<\/td>\n<td>6 tek s\u0131ra<\/td>\n<\/tr>\n<tr>\n<td colspan=\"2\">Piston \u00c7ap\u0131 x Strok<\/td>\n<td>mm<\/td>\n<td>104 x 115<\/td>\n<td>104 x 115<\/td>\n<td>104 x 115<\/td>\n<td>104 x 115<\/td>\n<td>104 x 115<\/td>\n<td>104 x 115<\/td>\n<td>104 x 115<\/td>\n<\/tr>\n<tr>\n<td colspan=\"2\">S\u0131k\u0131\u015ft\u0131rma Oran\u0131<\/td>\n<td><\/td>\n<td>17:1<\/td>\n<td>17:1<\/td>\n<td>17:1<\/td>\n<td>17:1<\/td>\n<td>17:1<\/td>\n<td>17:1<\/td>\n<td>17:1<\/td>\n<\/tr>\n<tr>\n<td colspan=\"2\">Govern\u00f6r Tipi<\/td>\n<td><\/td>\n<td colspan=\"7\">Mekanik<\/td>\n<\/tr>\n<tr>\n<td colspan=\"2\">Emme Sistemi<\/td>\n<td><\/td>\n<td>Do\u011fal<\/td>\n<td>Do\u011fal<\/td>\n<td colspan=\"5\">Turbo<\/td>\n<\/tr>\n<tr>\n<td colspan=\"2\">P\u00fcsk\u00fcrtme \u015eekli<\/td>\n<td><\/td>\n<td colspan=\"7\">Direkt<\/td>\n<\/tr>\n<tr>\n<td colspan=\"2\">D\u00f6n\u00fc\u015f Y\u00f6n\u00fc<\/td>\n<td><\/td>\n<td colspan=\"7\">Volant Taraf\u0131ndan Bak\u0131ld\u0131\u011f\u0131nda Saatin Ters Y\u00f6n\u00fcnde<\/td>\n<\/tr>\n<tr>\n<td colspan=\"2\">So\u011futma \u015eekli<\/td>\n<td><\/td>\n<td colspan=\"7\">Su So\u011futmal\u0131, De\u011fi\u015febilir Sulu G\u00f6mlekli<\/td>\n<\/tr>\n<tr>\n<td rowspan=\"2\">Yak\u0131t Sarfiyat\u0131<br \/>\nFuel Consumption<\/td>\n<td>Tam Y\u00fckte<\/td>\n<td>lt<\/td>\n<td>8<\/td>\n<td>10<\/td>\n<td>11<\/td>\n<td>12,3<\/td>\n<td>13<\/td>\n<td>18,3<\/td>\n<td>18,6<\/td>\n<\/tr>\n<tr>\n<td>%50 Y\u00fckte<\/td>\n<td>lt<\/td>\n<td>4,4<\/td>\n<td>5,4<\/td>\n<td>6<\/td>\n<td>6<\/td>\n<td>7<\/td>\n<td>9,2<\/td>\n<td>14,2<\/td>\n<\/tr>\n<tr>\n<td colspan=\"2\">Yak\u0131t Tank\u0131 Kapasitesi<\/td>\n<td>lt<\/td>\n<td>155<\/td>\n<td>180<\/td>\n<td>200<\/td>\n<td>200<\/td>\n<td>200<\/td>\n<td>200<\/td>\n<td>300<\/td>\n<\/tr>\n<tr>\n<td colspan=\"2\">Motor Ya\u011f\u0131 Kapasitesi<\/td>\n<td>lt<\/td>\n<td>10<\/td>\n<td>12<\/td>\n<td>12<\/td>\n<td>16<\/td>\n<td>16<\/td>\n<td>16<\/td>\n<td>16<\/td>\n<\/tr>\n<tr>\n<td colspan=\"2\">Motor Suyu Kapasitesi<\/td>\n<td>lt<\/td>\n<td>12<\/td>\n<td>16<\/td>\n<td>16<\/td>\n<td>22<\/td>\n<td>22<\/td>\n<td>22<\/td>\n<td>22<\/td>\n<\/tr>\n<\/tbody>\n<\/table>\n<\/div>\n<\/div>\n<div class=\"clear\"><\/div>\n<div class=\"urunler-grid-ic\">\n<div class=\"tablo2\">\n<table>\n<tbody>\n<tr>\n<td class=\"yaz3\" colspan=\"10\">ALTERNAT\u00d6R \/ ALTERNATOR<\/td>\n<\/tr>\n<tr>\n<td rowspan=\"2\">G\u00fc\u00e7 \/ Power<\/td>\n<td rowspan=\"2\">Stand By<\/td>\n<td>kVA<\/td>\n<td>35<\/td>\n<td>45<\/td>\n<td>65<\/td>\n<td>80<\/td>\n<td>90<\/td>\n<td>110<\/td>\n<td>175<\/td>\n<\/tr>\n<tr>\n<td>kW<\/td>\n<td>28<\/td>\n<td>36<\/td>\n<td>52<\/td>\n<td>64<\/td>\n<td>72<\/td>\n<td>88<\/td>\n<td>140<\/td>\n<\/tr>\n<tr>\n<td colspan=\"2\">Gerilim Tolerans\u0131<\/td>\n<td><\/td>\n<td colspan=\"7\">(+,-) %1<\/td>\n<\/tr>\n<tr>\n<td colspan=\"2\">Frekans<\/td>\n<td>Hz.<\/td>\n<td colspan=\"7\">50<\/td>\n<\/tr>\n<tr>\n<td colspan=\"2\">Devir<\/td>\n<td>dev\/dk.<\/td>\n<td colspan=\"7\">1500<\/td>\n<\/tr>\n<tr>\n<td colspan=\"2\">\u0130zolasyon Dayan\u0131m\u0131 Min<\/td>\n<td>Volt<\/td>\n<td colspan=\"7\">1760<\/td>\n<\/tr>\n<tr>\n<td colspan=\"2\">K\u0131sa Devre Ak\u0131m\u0131<\/td>\n<td>(10 sec)<\/td>\n<td colspan=\"7\">%300<\/td>\n<\/tr>\n<tr>\n<td colspan=\"2\">\u0130zolasyon<\/td>\n<td><\/td>\n<td colspan=\"7\">H<\/td>\n<\/tr>\n<tr>\n<td colspan=\"2\">Koruma<\/td>\n<td><\/td>\n<td colspan=\"7\">IP 23<\/td>\n<\/tr>\n<tr>\n<td colspan=\"2\">Alternat\u00f6r Verimi<\/td>\n<td><\/td>\n<td>%88<\/td>\n<td>%89<\/td>\n<td>%89<\/td>\n<td>%90<\/td>\n<td>%89<\/td>\n<td>%90<\/td>\n<td>%90<\/td>\n<\/tr>\n<tr>\n<td colspan=\"2\">A\u015f\u0131r\u0131 Y\u00fcklerde \u00c7al\u0131\u015fma Zaman\u0131<\/td>\n<td><\/td>\n<td colspan=\"7\">1 saatte %110<\/td>\n<\/tr>\n<\/tbody>\n<\/table>\n<\/div>\n<\/div>\n<\/div>\n<p>[\/vc_column_text][\/vc_column][\/vc_row]<\/p>\n","protected":false},"excerpt":{"rendered":"<p>[vc_row][vc_column width=&#8221;1\/4&#8243;][vc_column_text][\/vc_column_text][\/vc_column][vc_column width=&#8221;3\/4&#8243;][vc_column_text] \u00dcst\u00fcn performans, kaliteli enerjiyi bir arada bar\u0131nd\u0131ran Yavuz Dizel Jenerat\u00f6r s\u0131n\u0131f\u0131n\u0131n en ideal g\u00fc\u00e7 kayna\u011f\u0131d\u0131r. Teknik \u00d6zellik Tablolar\u0131 MODEL GRUP TYD 35 TYD 45 TYD 65 TYD 80 TYD 90 TYD 110 TYD 175 G\u00fc\u00e7 Stand By Prime kVA 35 45 65 80 90 110 175 kW 28 36 52 64 72 [&hellip;]<\/p>\n","protected":false},"author":1,"featured_media":985,"parent":873,"menu_order":0,"comment_status":"closed","ping_status":"closed","template":"","meta":[],"_links":{"self":[{"href":"https:\/\/www.turkojen.com.tr\/index.php\/wp-json\/wp\/v2\/pages\/893"}],"collection":[{"href":"https:\/\/www.turkojen.com.tr\/index.php\/wp-json\/wp\/v2\/pages"}],"about":[{"href":"https:\/\/www.turkojen.com.tr\/index.php\/wp-json\/wp\/v2\/types\/page"}],"author":[{"embeddable":true,"href":"https:\/\/www.turkojen.com.tr\/index.php\/wp-json\/wp\/v2\/users\/1"}],"replies":[{"embeddable":true,"href":"https:\/\/www.turkojen.com.tr\/index.php\/wp-json\/wp\/v2\/comments?post=893"}],"version-history":[{"count":6,"href":"https:\/\/www.turkojen.com.tr\/index.php\/wp-json\/wp\/v2\/pages\/893\/revisions"}],"predecessor-version":[{"id":901,"href":"https:\/\/www.turkojen.com.tr\/index.php\/wp-json\/wp\/v2\/pages\/893\/revisions\/901"}],"up":[{"embeddable":true,"href":"https:\/\/www.turkojen.com.tr\/index.php\/wp-json\/wp\/v2\/pages\/873"}],"wp:featuredmedia":[{"embeddable":true,"href":"https:\/\/www.turkojen.com.tr\/index.php\/wp-json\/wp\/v2\/media\/985"}],"wp:attachment":[{"href":"https:\/\/www.turkojen.com.tr\/index.php\/wp-json\/wp\/v2\/media?parent=893"}],"curies":[{"name":"wp","href":"https:\/\/api.w.org\/{rel}","templated":true}]}}