{"id":863,"date":"2018-12-19T12:51:49","date_gmt":"2018-12-19T09:51:49","guid":{"rendered":"http:\/\/alfadestek.com\/turkojen\/?page_id=863"},"modified":"2025-06-28T20:29:05","modified_gmt":"2025-06-28T17:29:05","slug":"kurumsal","status":"publish","type":"page","link":"https:\/\/www.turkojen.com.tr\/index.php\/kurumsal\/","title":{"rendered":"KURUMSAL"},"content":{"rendered":"<p>[vc_row][vc_column][vc_column_text]B\u0130Z\u0130M D\u00dc\u015e\u00dcNCELER\u0130M\u0130Z;<br \/>\n\u00dcreten bir T\u00fcrkiye&#8217;ye ihtiyac\u0131m\u0131z oldu\u011fu i\u00e7in bu yola ba\u015f koyduk. Gen\u00e7li\u011fimizi , birikimlerimizi, tecr\u00fcbelerimizi, D\u00fcnyan\u0131n vazge\u00e7ilemezi olan enerji konusu \u00fczerine in\u015faa etmeye karar verdik.<\/p>\n<p>Dizel jenerat\u00f6r imalat\u0131 sat\u0131\u015f ve servisi ana konumuzun yan\u0131 s\u0131ra bas\u0131n\u00e7l\u0131 hava kompres\u00f6rleri sat\u0131\u015f ve servis hizmetleri alan\u0131nda \u00e7al\u0131\u015fmalar\u0131m\u0131z bulunmaktad\u0131r.<\/p>\n<p>Enerji konusunda r\u00fczgar ve g\u00fcne\u015f enerjisi projelerimizde ilerlemeye devam etmektedir. Yak\u0131n bir zamanda bu konuda da hizmet vermeye ba\u015flayaca\u011f\u0131m\u0131z\u0131 bildiririz.<\/p>\n<p>Sessiz jenerat\u00f6r imalat\u0131 projemizde ilerlemekte ve prototip \u00fczerindeki \u00e7al\u0131\u015fmalar\u0131m\u0131z s\u00fcrmektedir.<\/p>\n<p>\u00c7ok \u00e7al\u0131\u015fmak temel prensibimiz \u00e7er\u00e7evesinde gelecek nesillere kal\u0131c\u0131 bir \u015feyler b\u0131rakmak sevdam\u0131z hi\u00e7 bitmeyecektir. \u00dcretece\u011fiz, imal edece\u011fiz ve D\u00fcnya&#8217;ya sataca\u011f\u0131z.<\/p>\n<p style=\"text-align: right;\">Sayg\u0131lar\u0131m\u0131zla<br \/>\nT\u00dcRKOJEN A.\u015e.[\/vc_column_text][\/vc_column][\/vc_row][vc_row][vc_column][vc_column_text]<\/p>\n<h3 style=\"text-align: center;\"><strong>KAL\u0130TE BELGELER\u0130M\u0130Z<\/strong><\/h3>\n<p>[\/vc_column_text][vc_gallery type=&#8221;image_grid&#8221; images=&#8221;1016,1017,1018,1019,1020,1023,1024,1025,1021,1022&#8243; css=&#8221;.vc_custom_1751131745068{padding-top: 10px !important;padding-right: 10px !important;padding-bottom: 10px !important;padding-left: 10px !important;}&#8221;][\/vc_column][\/vc_row]<\/p>\n","protected":false},"excerpt":{"rendered":"<p>[vc_row][vc_column][vc_column_text]B\u0130Z\u0130M D\u00dc\u015e\u00dcNCELER\u0130M\u0130Z; \u00dcreten bir T\u00fcrkiye&#8217;ye ihtiyac\u0131m\u0131z oldu\u011fu i\u00e7in bu yola ba\u015f koyduk. Gen\u00e7li\u011fimizi , birikimlerimizi, tecr\u00fcbelerimizi, D\u00fcnyan\u0131n vazge\u00e7ilemezi olan enerji konusu \u00fczerine in\u015faa etmeye karar verdik. Dizel jenerat\u00f6r imalat\u0131 sat\u0131\u015f ve servisi ana konumuzun yan\u0131 s\u0131ra bas\u0131n\u00e7l\u0131 hava kompres\u00f6rleri sat\u0131\u015f ve servis hizmetleri alan\u0131nda \u00e7al\u0131\u015fmalar\u0131m\u0131z bulunmaktad\u0131r. Enerji konusunda r\u00fczgar ve g\u00fcne\u015f enerjisi projelerimizde ilerlemeye devam [&hellip;]<\/p>\n","protected":false},"author":1,"featured_media":0,"parent":0,"menu_order":0,"comment_status":"closed","ping_status":"closed","template":"","meta":[],"_links":{"self":[{"href":"https:\/\/www.turkojen.com.tr\/index.php\/wp-json\/wp\/v2\/pages\/863"}],"collection":[{"href":"https:\/\/www.turkojen.com.tr\/index.php\/wp-json\/wp\/v2\/pages"}],"about":[{"href":"https:\/\/www.turkojen.com.tr\/index.php\/wp-json\/wp\/v2\/types\/page"}],"author":[{"embeddable":true,"href":"https:\/\/www.turkojen.com.tr\/index.php\/wp-json\/wp\/v2\/users\/1"}],"replies":[{"embeddable":true,"href":"https:\/\/www.turkojen.com.tr\/index.php\/wp-json\/wp\/v2\/comments?post=863"}],"version-history":[{"count":15,"href":"https:\/\/www.turkojen.com.tr\/index.php\/wp-json\/wp\/v2\/pages\/863\/revisions"}],"predecessor-version":[{"id":1038,"href":"https:\/\/www.turkojen.com.tr\/index.php\/wp-json\/wp\/v2\/pages\/863\/revisions\/1038"}],"wp:attachment":[{"href":"https:\/\/www.turkojen.com.tr\/index.php\/wp-json\/wp\/v2\/media?parent=863"}],"curies":[{"name":"wp","href":"https:\/\/api.w.org\/{rel}","templated":true}]}}