{"id":17,"date":"2014-12-08T13:43:47","date_gmt":"2014-12-08T11:43:47","guid":{"rendered":"http:\/\/localhost\/business4\/?page_id=17"},"modified":"2019-10-11T13:18:42","modified_gmt":"2019-10-11T10:18:42","slug":"home","status":"publish","type":"page","link":"https:\/\/www.turkojen.com.tr\/","title":{"rendered":"ANASAYFA"},"content":{"rendered":"<p>[vc_row][vc_column width=&#8221;1\/3&#8243;][media alignment=&#8221;center&#8221; animation=&#8221;Down&#8221; image=&#8221;826&#8243; width=&#8221;350&#8243;][vc_column_text]End\u00fcstriyel ve Profesyonel kullan\u0131m ama\u00e7l\u0131 dizel jenerat\u00f6rler Avrupan\u0131n lider markas\u0131 FG WILSON dizel jenerat\u00f6rlerde \u00fcst\u00fcn performans sergilemektedir.[\/vc_column_text][button title=&#8221;detayl\u0131 bilgi&#8221; link=&#8221;index.php\/urunlerimiz\/index.php\/urunlerimiz\/jeneratorler\/&#8221; icon=&#8221;steadysets-icon-type&#8221; align=&#8221;center&#8221;][\/vc_column][vc_column width=&#8221;1\/3&#8243;][media alignment=&#8221;center&#8221; animation=&#8221;Down&#8221; image=&#8221;831&#8243; width=&#8221;350&#8243;][vc_column_text]Bas\u0131n\u00e7l\u0131 hava kompres\u00f6rleri imalat sekt\u00f6r\u00fc i\u00e7inde olu\u015fmaya ba\u015flayan bireysel tecr\u00fcbe geli\u015fmelerimiz, kurumsal kimli\u011fine kavu\u015fmu\u015ftur.[\/vc_column_text][button title=&#8221;detayl\u0131 bilgi&#8221; link=&#8221;index.php\/urunlerimiz\/index.php\/urunlerimiz\/kompresorler\/&#8221; icon=&#8221;steadysets-icon-type&#8221; align=&#8221;center&#8221;][\/vc_column][vc_column width=&#8221;1\/3&#8243;][media alignment=&#8221;center&#8221; animation=&#8221;Down&#8221; image=&#8221;833&#8243; width=&#8221;350&#8243;][vc_column_text]Alan\u0131nda y\u0131llar\u0131n tecr\u00fcbesi ve bol \u00fcr\u00fcn \u00e7e\u015fitli\u011fi burada! Ekonomik fiyat garantisi, sat\u0131\u015f ve sat\u0131\u015f sonras\u0131 \u00fcst\u00fcn m\u00fc\u015fteri memnuniyeti ile hemen tan\u0131\u015f\u0131n.[\/vc_column_text][button title=&#8221;detayl\u0131 bilgi&#8221; link=&#8221;index.php\/urunlerimiz\/index.php\/urunlerimiz\/endustriyel-makinalar\/&#8221; icon=&#8221;steadysets-icon-type&#8221; align=&#8221;center&#8221;][\/vc_column][\/vc_row][vc_row bg_color=&#8221;#ffd207&#8243; top_padding=&#8221;15&#8243; bottom_padding=&#8221;15&#8243;][vc_column][block_title title=&#8221;T\u00dcRKOJEN JENERAT\u00d6R&#8221;]<\/p>\n<h3 style=\"text-align: center;\">PROFESYONELLER\u0130N TERC\u0130H\u0130 D\u0130ZEL JENERAT\u00d6RLER ,HAVA KOMPRES\u00d6RLER\u0130,\u00a0END\u00dcSTR\u0130YEL MAK\u0130NALAR<\/h3>\n<p>[\/block_title][\/vc_column][\/vc_row][vc_row][vc_column width=&#8221;1\/2&#8243;][block_title style=&#8221;column_title&#8221; inner_style=&#8221;inline_border&#8221; title=&#8221;B\u0130Z\u0130M D\u00dc\u015e\u00dcNCELER\u0130M\u0130Z;&#8221;][\/block_title][vc_column_text]\u00dcreten bir T\u00fcrkiye&#8217;ye ihtiyac\u0131m\u0131z oldu\u011fu i\u00e7in bu yola ba\u015f koyduk. Gen\u00e7li\u011fimizi , birikimlerimizi, tecr\u00fcbelerimizi, D\u00fcnyan\u0131n vazge\u00e7ilemezi olan enerji konusu \u00fczerine in\u015faa etmeye karar verdik.<\/p>\n<p>Dizel jenerat\u00f6r imalat\u0131 sat\u0131\u015f ve servisi ana konumuzun yan\u0131 s\u0131ra bas\u0131n\u00e7l\u0131 hava kompres\u00f6rleri sat\u0131\u015f ve servis hizmetleri alan\u0131nda \u00e7al\u0131\u015fmalar\u0131m\u0131z bulunmaktad\u0131r.<\/p>\n<p>Enerji konusunda r\u00fczgar ve g\u00fcne\u015f enerjisi projelerimizde ilerlemeye devam etmektedir. Yak\u0131n bir zamanda bu konuda da hizmet vermeye ba\u015flayaca\u011f\u0131m\u0131z\u0131 bildiririz.[\/vc_column_text][\/vc_column][vc_column width=&#8221;1\/2&#8243;][block_title style=&#8221;column_title&#8221; inner_style=&#8221;inline_border&#8221; title=&#8221;Bizden Haberler&#8221;][\/block_title][recent_news style=&#8221;vertical&#8221;][\/vc_column][\/vc_row]<\/p>\n","protected":false},"excerpt":{"rendered":"<p>[vc_row][vc_column width=&#8221;1\/3&#8243;][media alignment=&#8221;center&#8221; animation=&#8221;Down&#8221; image=&#8221;826&#8243; width=&#8221;350&#8243;][vc_column_text]End\u00fcstriyel ve Profesyonel kullan\u0131m ama\u00e7l\u0131 dizel jenerat\u00f6rler Avrupan\u0131n lider markas\u0131 FG WILSON dizel jenerat\u00f6rlerde \u00fcst\u00fcn performans sergilemektedir.[\/vc_column_text][button title=&#8221;detayl\u0131 bilgi&#8221; link=&#8221;index.php\/urunlerimiz\/index.php\/urunlerimiz\/jeneratorler\/&#8221; icon=&#8221;steadysets-icon-type&#8221; align=&#8221;center&#8221;][\/vc_column][vc_column width=&#8221;1\/3&#8243;][media alignment=&#8221;center&#8221; animation=&#8221;Down&#8221; image=&#8221;831&#8243; width=&#8221;350&#8243;][vc_column_text]Bas\u0131n\u00e7l\u0131 hava kompres\u00f6rleri imalat sekt\u00f6r\u00fc i\u00e7inde olu\u015fmaya ba\u015flayan bireysel tecr\u00fcbe geli\u015fmelerimiz, kurumsal kimli\u011fine kavu\u015fmu\u015ftur.[\/vc_column_text][button title=&#8221;detayl\u0131 bilgi&#8221; link=&#8221;index.php\/urunlerimiz\/index.php\/urunlerimiz\/kompresorler\/&#8221; icon=&#8221;steadysets-icon-type&#8221; align=&#8221;center&#8221;][\/vc_column][vc_column width=&#8221;1\/3&#8243;][media alignment=&#8221;center&#8221; animation=&#8221;Down&#8221; image=&#8221;833&#8243; width=&#8221;350&#8243;][vc_column_text]Alan\u0131nda [&hellip;]<\/p>\n","protected":false},"author":1,"featured_media":0,"parent":0,"menu_order":0,"comment_status":"open","ping_status":"closed","template":"","meta":[],"_links":{"self":[{"href":"https:\/\/www.turkojen.com.tr\/index.php\/wp-json\/wp\/v2\/pages\/17"}],"collection":[{"href":"https:\/\/www.turkojen.com.tr\/index.php\/wp-json\/wp\/v2\/pages"}],"about":[{"href":"https:\/\/www.turkojen.com.tr\/index.php\/wp-json\/wp\/v2\/types\/page"}],"author":[{"embeddable":true,"href":"https:\/\/www.turkojen.com.tr\/index.php\/wp-json\/wp\/v2\/users\/1"}],"replies":[{"embeddable":true,"href":"https:\/\/www.turkojen.com.tr\/index.php\/wp-json\/wp\/v2\/comments?post=17"}],"version-history":[{"count":25,"href":"https:\/\/www.turkojen.com.tr\/index.php\/wp-json\/wp\/v2\/pages\/17\/revisions"}],"predecessor-version":[{"id":1000,"href":"https:\/\/www.turkojen.com.tr\/index.php\/wp-json\/wp\/v2\/pages\/17\/revisions\/1000"}],"wp:attachment":[{"href":"https:\/\/www.turkojen.com.tr\/index.php\/wp-json\/wp\/v2\/media?parent=17"}],"curies":[{"name":"wp","href":"https:\/\/api.w.org\/{rel}","templated":true}]}}

<p>[vc_row][vc_column width=&#8221;1/3&#8243;][media alignment=&#8221;center&#8221; animation=&#8221;Down&#8221; image=&#8221;826&#8243; width=&#8221;350&#8243;][vc_column_text]Endüstriyel ve Profesyonel kullanım amaçlı dizel jeneratörler Avrupanın lider markası FG WILSON dizel jeneratörlerde üstün performans sergilemektedir.[/vc_column_text][button title=&#8221;detaylı bilgi&#8221; link=&#8221;index.php/urunlerimiz/index.php/urunlerimiz/jeneratorler/&#8221; icon=&#8221;steadysets-icon-type&#8221; align=&#8221;center&#8221;][/vc_column][vc_column width=&#8221;1/3&#8243;][media alignment=&#8221;center&#8221; animation=&#8221;Down&#8221; image=&#8221;831&#8243; width=&#8221;350&#8243;][vc_column_text]Basınçlı hava kompresörleri imalat sektörü içinde oluşmaya başlayan bireysel tecrübe gelişmelerimiz, kurumsal kimliğine kavuşmuştur.[/vc_column_text][button title=&#8221;detaylı bilgi&#8221; link=&#8221;index.php/urunlerimiz/index.php/urunlerimiz/kompresorler/&#8221; icon=&#8221;steadysets-icon-type&#8221; align=&#8221;center&#8221;][/vc_column][vc_column width=&#8221;1/3&#8243;][media alignment=&#8221;center&#8221; animation=&#8221;Down&#8221; image=&#8221;833&#8243; width=&#8221;350&#8243;][vc_column_text]Alanında yılların tecrübesi ve bol ürün çeşitliği burada! Ekonomik fiyat garantisi, satış ve satış sonrası üstün müşteri memnuniyeti ile hemen tanışın.[/vc_column_text][button title=&#8221;detaylı bilgi&#8221; link=&#8221;index.php/urunlerimiz/index.php/urunlerimiz/endustriyel-makinalar/&#8221; icon=&#8221;steadysets-icon-type&#8221; align=&#8221;center&#8221;][/vc_column][/vc_row][vc_row bg_color=&#8221;#ffd207&#8243; top_padding=&#8221;15&#8243; bottom_padding=&#8221;15&#8243;][vc_column][block_title title=&#8221;TÜRKOJEN JENERATÖR&#8221;]</p>
<h3 style="text-align: center;">PROFESYONELLERİN TERCİHİ DİZEL JENERATÖRLER ,HAVA KOMPRESÖRLERİ, ENDÜSTRİYEL MAKİNALAR</h3>
<p>[/block_title][/vc_column][/vc_row][vc_row][vc_column width=&#8221;1/2&#8243;][block_title style=&#8221;column_title&#8221; inner_style=&#8221;inline_border&#8221; title=&#8221;BİZİM DÜŞÜNCELERİMİZ;&#8221;][/block_title][vc_column_text]Üreten bir Türkiye&#8217;ye ihtiyacımız olduğu için bu yola baş koyduk. Gençliğimizi , birikimlerimizi, tecrübelerimizi, Dünyanın vazgeçilemezi olan enerji konusu üzerine inşaa etmeye karar verdik.</p>
<p>Dizel jeneratör imalatı satış ve servisi ana konumuzun yanı sıra basınçlı hava kompresörleri satış ve servis hizmetleri alanında çalışmalarımız bulunmaktadır.</p>
<p>Enerji konusunda rüzgar ve güneş enerjisi projelerimizde ilerlemeye devam etmektedir. Yakın bir zamanda bu konuda da hizmet vermeye başlayacağımızı bildiririz.[/vc_column_text][/vc_column][vc_column width=&#8221;1/2&#8243;][block_title style=&#8221;column_title&#8221; inner_style=&#8221;inline_border&#8221; title=&#8221;Bizden Haberler&#8221;][/block_title][recent_news style=&#8221;vertical&#8221;][/vc_column][/vc_row]</p>

<p>[vc_row][vc_column width=&#8221;1/3&#8243;][media alignment=&#8221;center&#8221; animation=&#8221;Down&#8221; image=&#8221;826&#8243; width=&#8221;350&#8243;][vc_column_text]Endüstriyel ve Profesyonel kullanım amaçlı dizel jeneratörler Avrupanın lider markası FG WILSON dizel jeneratörlerde üstün performans sergilemektedir.[/vc_column_text][button title=&#8221;detaylı bilgi&#8221; link=&#8221;index.php/urunlerimiz/index.php/urunlerimiz/jeneratorler/&#8221; icon=&#8221;steadysets-icon-type&#8221; align=&#8221;center&#8221;][/vc_column][vc_column width=&#8221;1/3&#8243;][media alignment=&#8221;center&#8221; animation=&#8221;Down&#8221; image=&#8221;831&#8243; width=&#8221;350&#8243;][vc_column_text]Basınçlı hava kompresörleri imalat sektörü içinde oluşmaya başlayan bireysel tecrübe gelişmelerimiz, kurumsal kimliğine kavuşmuştur.[/vc_column_text][button title=&#8221;detaylı bilgi&#8221; link=&#8221;index.php/urunlerimiz/index.php/urunlerimiz/kompresorler/&#8221; icon=&#8221;steadysets-icon-type&#8221; align=&#8221;center&#8221;][/vc_column][vc_column width=&#8221;1/3&#8243;][media alignment=&#8221;center&#8221; animation=&#8221;Down&#8221; image=&#8221;833&#8243; width=&#8221;350&#8243;][vc_column_text]Alanında [&hellip;]</p>
